{"id":71,"date":"2023-07-26T01:25:10","date_gmt":"2023-07-25T23:25:10","guid":{"rendered":"http:\/\/www.fhswe.se\/?page_id=71"},"modified":"2024-07-08T17:03:31","modified_gmt":"2024-07-08T15:03:31","slug":"om-mig","status":"publish","type":"page","link":"https:\/\/www.fhswe.se\/index.php\/om-mig\/","title":{"rendered":"Om mig"},"content":{"rendered":"\n<figure class=\"wp-block-image size-large\"><a href=\"https:\/\/mghundvard.se\/botaniqa\/\"><img loading=\"lazy\" decoding=\"async\" width=\"1024\" height=\"240\" src=\"https:\/\/www.fhswe.se\/wp-content\/uploads\/2024\/07\/Logo_Botaniqa_2021_1200x1200-1-1024x240.webp\" alt=\"\" class=\"wp-image-1033\" srcset=\"https:\/\/www.fhswe.se\/wp-content\/uploads\/2024\/07\/Logo_Botaniqa_2021_1200x1200-1-1024x240.webp 1024w, https:\/\/www.fhswe.se\/wp-content\/uploads\/2024\/07\/Logo_Botaniqa_2021_1200x1200-1-300x70.webp 300w, https:\/\/www.fhswe.se\/wp-content\/uploads\/2024\/07\/Logo_Botaniqa_2021_1200x1200-1-768x180.webp 768w, https:\/\/www.fhswe.se\/wp-content\/uploads\/2024\/07\/Logo_Botaniqa_2021_1200x1200-1.webp 1200w\" sizes=\"auto, (max-width: 706px) 89vw, (max-width: 767px) 82vw, 740px\" \/><\/a><\/figure>\n\n\n\n<p>Hej d\u00e4r, alla mina h\u00e4rliga v\u00e4nner d\u00e4rute! Jag \u00e4r ingen vanlig p\u00e4lsboll, jag \u00e4r L\u00e4rk\u00e4ngen&#8217;s King Of My Heart \u2013 eller som min familj \u00f6mt kallar mig, Bailey. Jag gjorde mitt ankomstnummer den 13:e april 2022 och jag \u00e4r en stolt och lurvig Bearded Collie.<\/p>\n\n\n\n<p>Nu, till mina stj\u00e4rnpr\u00e4glade f\u00f6r\u00e4ldrar \u2013 min mamma \u00e4r den helt fantastiska L\u00e4rk\u00e4ngen&#8217;s Gettin Jiggy With It och min pappa \u00e4r ingen mindre \u00e4n den tuffa Farmarens Xplosion In Black! Jag \u00e4r verkligen den coolaste bland p\u00e4lsbollarna.<\/p>\n\n\n\n<p>N\u00e4r solen st\u00e5r h\u00f6gt p\u00e5 himlen och lekandan \u00e4r p\u00e5 topp, s\u00e5 finns jag d\u00e4r med mina p\u00e4lsiga tassar redo f\u00f6r \u00e4ventyr. En favoritsyssla? Att snooza i solen \u00e4r ju oslagbart, men inget sl\u00e5r n\u00f6jet med att riva i goda foppatofflor och utforska inneh\u00e5llet i gosedjur jag r\u00f6vat \u00e5t mig. Vem kan motst\u00e5 den skojiga k\u00e4nslan av att f\u00e5 p\u00e4lsen skallra genom luften?<\/p>\n\n\n\n<p>Men nu kommer det b\u00e4sta: omv\u00e5rdnadstiden! Att bli ompysslad \u00e4r som en himmelsk massage f\u00f6r min p\u00e4ls. Och vet ni vad som \u00e4r \u00e4nnu roligare? Att bli visad upp p\u00e5 hundutst\u00e4llningar! Jag \u00e4lskar att vara i rampljuset och strutsa runt som den stiliga p\u00e4lsbollen jag \u00e4r. Det \u00e4r som en riktig k\u00e4ndish\u00e4ndelse f\u00f6r oss p\u00e4lsiga stj\u00e4rnor.<\/p>\n\n\n\n<p>Och nu till min superspeciala superkraft \u2013 den som ingen annan hund i v\u00e4rlden har. S\u00e5 ni \u00e4r nyfikna? Tja, n\u00e4r jag ser en sko som ser extra lockande ut kan jag f\u00e5 min Matte och Husse att skrika &#8220;Nej, inte bita i den skon!&#8221; och sedan l\u00e5tsas jag pl\u00f6tsligt vara d\u00f6v. Resultatet? En skrattattack! Det \u00e4r helt klart en publikfavorit h\u00e4r hemma.<\/p>\n\n\n\n<p>Vi var inte f\u00e4rre \u00e4n 5 grabbar och 3 tjejer i min kull, och jag har nog aldrig tr\u00e4ffat en syskonflock med s\u00e5dan charm som oss. Mamma och pappa verkar tycka att vi \u00e4r riktiga p\u00e4rlor, och de \u00e4r inte ensamma. Varje g\u00e5ng vi \u00e4r p\u00e5 utst\u00e4llning finns alltid n\u00e5gon som st\u00e5r i mitten och proklamerar hur fantastiskt fin jag \u00e4r. Det f\u00e5r mitt hj\u00e4rta att hoppa av gl\u00e4dje!<\/p>\n\n\n\n<p>S\u00e5, det var min l\u00e4ngre och sp\u00e4nnande historia i ett n\u00f6tskal. Jag hoppas att ni har haft lika kul som jag n\u00e4r ni l\u00e4ste om min p\u00e4lsiga resa. Voff WOOOOFFF \u2013 och l\u00e5t \u00e4ventyret forts\u00e4tta! \ud83d\udc3e\u2728<\/p>\n\n\n\n<p><a href=\"https:\/\/www.fhswe.se\/index.php\/stamtavla\/\">Min Stamtavla<\/a><br><a href=\"https:\/\/www.fhswe.se\/index.php\/mina-syskon\/\" title=\"Mina Syskon\">Mina Syskon<\/a><br><\/p>\n\n\n\n<figure class=\"wp-block-gallery has-nested-images columns-default is-cropped wp-block-gallery-1 is-layout-flex wp-block-gallery-is-layout-flex\">\n<figure class=\"wp-block-image size-large\"><img loading=\"lazy\" decoding=\"async\" width=\"960\" height=\"642\" data-id=\"293\" src=\"https:\/\/www.fhswe.se\/wp-content\/uploads\/2023\/08\/Larkangens-Gettin-Jiggy-Wit-It-Stina.jpg\" alt=\"\" class=\"wp-image-293\" srcset=\"https:\/\/www.fhswe.se\/wp-content\/uploads\/2023\/08\/Larkangens-Gettin-Jiggy-Wit-It-Stina.jpg 960w, https:\/\/www.fhswe.se\/wp-content\/uploads\/2023\/08\/Larkangens-Gettin-Jiggy-Wit-It-Stina-300x201.jpg 300w, https:\/\/www.fhswe.se\/wp-content\/uploads\/2023\/08\/Larkangens-Gettin-Jiggy-Wit-It-Stina-768x514.jpg 768w\" sizes=\"auto, (max-width: 706px) 89vw, (max-width: 767px) 82vw, 740px\" \/><figcaption class=\"wp-element-caption\">MAMMA STINA<\/figcaption><\/figure>\n\n\n\n<figure class=\"wp-block-image size-large\"><img loading=\"lazy\" decoding=\"async\" width=\"1024\" height=\"683\" data-id=\"294\" src=\"https:\/\/www.fhswe.se\/wp-content\/uploads\/2023\/08\/Farmarens-Xplosion-In-Black-1024x683.webp\" alt=\"\" class=\"wp-image-294\" srcset=\"https:\/\/www.fhswe.se\/wp-content\/uploads\/2023\/08\/Farmarens-Xplosion-In-Black-1024x683.webp 1024w, https:\/\/www.fhswe.se\/wp-content\/uploads\/2023\/08\/Farmarens-Xplosion-In-Black-300x200.webp 300w, https:\/\/www.fhswe.se\/wp-content\/uploads\/2023\/08\/Farmarens-Xplosion-In-Black-768x512.webp 768w, https:\/\/www.fhswe.se\/wp-content\/uploads\/2023\/08\/Farmarens-Xplosion-In-Black.webp 1500w\" sizes=\"auto, (max-width: 706px) 89vw, (max-width: 767px) 82vw, 740px\" \/><figcaption class=\"wp-element-caption\">PAPPA FRANS<\/figcaption><\/figure>\n<\/figure>\n\n\n\n<p><\/p>\n\n\n<div class=\"wp-block-image\">\n<figure class=\"aligncenter size-large is-resized\"><a href=\"https:\/\/eurogroom.se\" target=\"_blank\" rel=\"noreferrer noopener\"><img loading=\"lazy\" decoding=\"async\" width=\"1024\" height=\"253\" src=\"https:\/\/www.fhswe.se\/wp-content\/uploads\/2023\/10\/Uurogroom_Compact-1024x253.png\" alt=\"\" class=\"wp-image-789\" style=\"width:337px;height:84px\" srcset=\"https:\/\/www.fhswe.se\/wp-content\/uploads\/2023\/10\/Uurogroom_Compact-1024x253.png 1024w, https:\/\/www.fhswe.se\/wp-content\/uploads\/2023\/10\/Uurogroom_Compact-300x74.png 300w, https:\/\/www.fhswe.se\/wp-content\/uploads\/2023\/10\/Uurogroom_Compact-768x190.png 768w, https:\/\/www.fhswe.se\/wp-content\/uploads\/2023\/10\/Uurogroom_Compact.png 1241w\" sizes=\"auto, (max-width: 706px) 89vw, (max-width: 767px) 82vw, 740px\" \/><\/a><\/figure><\/div>","protected":false},"excerpt":{"rendered":"<p>Hej d\u00e4r, alla mina h\u00e4rliga v\u00e4nner d\u00e4rute! Jag \u00e4r ingen vanlig p\u00e4lsboll, jag \u00e4r L\u00e4rk\u00e4ngen&#8217;s King Of My Heart \u2013 eller som min familj \u00f6mt kallar mig, Bailey. Jag gjorde mitt ankomstnummer den 13:e april 2022 och jag \u00e4r en stolt och lurvig Bearded Collie. Nu, till mina stj\u00e4rnpr\u00e4glade f\u00f6r\u00e4ldrar \u2013 min mamma \u00e4r den &hellip; <\/p>\n<p class=\"link-more\"><a href=\"https:\/\/www.fhswe.se\/index.php\/om-mig\/\" class=\"more-link\">Forts\u00e4tt l\u00e4sa<span class=\"screen-reader-text\"> \u201dOm mig\u201d<\/span><\/a><\/p>\n","protected":false},"author":1,"featured_media":0,"parent":0,"menu_order":0,"comment_status":"closed","ping_status":"closed","template":"","meta":{"ngg_post_thumbnail":0,"footnotes":""},"class_list":["post-71","page","type-page","status-publish","hentry"],"aioseo_notices":[],"_links":{"self":[{"href":"https:\/\/www.fhswe.se\/index.php\/wp-json\/wp\/v2\/pages\/71","targetHints":{"allow":["GET"]}}],"collection":[{"href":"https:\/\/www.fhswe.se\/index.php\/wp-json\/wp\/v2\/pages"}],"about":[{"href":"https:\/\/www.fhswe.se\/index.php\/wp-json\/wp\/v2\/types\/page"}],"author":[{"embeddable":true,"href":"https:\/\/www.fhswe.se\/index.php\/wp-json\/wp\/v2\/users\/1"}],"replies":[{"embeddable":true,"href":"https:\/\/www.fhswe.se\/index.php\/wp-json\/wp\/v2\/comments?post=71"}],"version-history":[{"count":23,"href":"https:\/\/www.fhswe.se\/index.php\/wp-json\/wp\/v2\/pages\/71\/revisions"}],"predecessor-version":[{"id":1034,"href":"https:\/\/www.fhswe.se\/index.php\/wp-json\/wp\/v2\/pages\/71\/revisions\/1034"}],"wp:attachment":[{"href":"https:\/\/www.fhswe.se\/index.php\/wp-json\/wp\/v2\/media?parent=71"}],"curies":[{"name":"wp","href":"https:\/\/api.w.org\/{rel}","templated":true}]}}