{"id":672,"date":"2023-09-10T15:45:47","date_gmt":"2023-09-10T13:45:47","guid":{"rendered":"https:\/\/www.fhswe.se\/?page_id=672"},"modified":"2023-09-10T15:45:54","modified_gmt":"2023-09-10T13:45:54","slug":"sotpotatis-och-appelgodis","status":"publish","type":"page","link":"https:\/\/www.fhswe.se\/index.php\/sotpotatis-och-appelgodis\/","title":{"rendered":"S\u00f6tpotatis- och \u00c4ppelgodis"},"content":{"rendered":"\n<p>[BILD KOMMER SNART]<\/p>\n\n\n\n<p><strong>Ingredienser:<\/strong><\/p>\n\n\n\n<ol class=\"wp-block-list\">\n<li>2 s\u00f6tpotatisar<\/li>\n\n\n\n<li>1 \u00e4pple (skalat och t\u00e4rnat)<\/li>\n\n\n\n<li>En nypa kanel (valfritt, men se till att din hund inte \u00e4r allergisk mot kanel)<\/li>\n<\/ol>\n\n\n\n<p><strong>Instruktioner:<\/strong><\/p>\n\n\n\n<ol class=\"wp-block-list\">\n<li>F\u00f6rv\u00e4rm din ugn till 120\u00b0C och kl\u00e4 en bakpl\u00e5t med bakpl\u00e5tspapper.<\/li>\n\n\n\n<li>Skala s\u00f6tpotatisarna och sk\u00e4r dem i tunna skivor eller strimlor.<\/li>\n\n\n\n<li>Blanda de skivade s\u00f6tpotatisarna med de t\u00e4rnade \u00e4ppelbitarna och kanelen (om du anv\u00e4nder det) i en sk\u00e5l. Kanelen ger en extra smak, men anv\u00e4nd den sparsamt om din hund inte \u00e4r allergisk.<\/li>\n\n\n\n<li>Sprid ut blandningen p\u00e5 den f\u00f6rberedda bakpl\u00e5ten i ett j\u00e4mnt lager.<\/li>\n\n\n\n<li>Gr\u00e4dda i ugnen i cirka 2-3 timmar, eller tills s\u00f6tpotatisen och \u00e4pplet har torkat och blivit krispigt. H\u00e5ll ett \u00f6ga p\u00e5 dem med j\u00e4mna mellanrum f\u00f6r att undvika att de br\u00e4nns.<\/li>\n\n\n\n<li>L\u00e5t godiset svalna helt innan du ger det till din hund.<\/li>\n\n\n\n<li>F\u00f6rvara de f\u00e4rdiga godisbitarna i en luftt\u00e4t beh\u00e5llare.<\/li>\n<\/ol>\n\n\n\n<p>Det h\u00e4r receptet \u00e4r en h\u00e4lsosam och smaklig godbit f\u00f6r din hund. S\u00f6tpotatisen \u00e4r en bra k\u00e4lla till kostfiber och vitamin A, medan \u00e4pplet ger smak och ytterligare fiber. Se till att sk\u00e4ra alla ingredienser i bitar som \u00e4r s\u00e4kra f\u00f6r din hund att \u00e4ta och \u00f6vervaka din hund n\u00e4r den \u00e4ter nya godisar f\u00f6r eventuella allergiska reaktioner. Som alltid, ge hundgodis i m\u00e5ttliga m\u00e4ngder.<\/p>\n","protected":false},"excerpt":{"rendered":"<p>[BILD KOMMER SNART] Ingredienser: Instruktioner: Det h\u00e4r receptet \u00e4r en h\u00e4lsosam och smaklig godbit f\u00f6r din hund. S\u00f6tpotatisen \u00e4r en bra k\u00e4lla till kostfiber och vitamin A, medan \u00e4pplet ger smak och ytterligare fiber. Se till att sk\u00e4ra alla ingredienser i bitar som \u00e4r s\u00e4kra f\u00f6r din hund att \u00e4ta och \u00f6vervaka din hund n\u00e4r &hellip; <\/p>\n<p class=\"link-more\"><a href=\"https:\/\/www.fhswe.se\/index.php\/sotpotatis-och-appelgodis\/\" class=\"more-link\">Forts\u00e4tt l\u00e4sa<span class=\"screen-reader-text\"> \u201dS\u00f6tpotatis- och \u00c4ppelgodis\u201d<\/span><\/a><\/p>\n","protected":false},"author":3,"featured_media":0,"parent":0,"menu_order":0,"comment_status":"closed","ping_status":"closed","template":"","meta":{"ngg_post_thumbnail":0,"footnotes":""},"class_list":["post-672","page","type-page","status-publish","hentry"],"aioseo_notices":[],"_links":{"self":[{"href":"https:\/\/www.fhswe.se\/index.php\/wp-json\/wp\/v2\/pages\/672","targetHints":{"allow":["GET"]}}],"collection":[{"href":"https:\/\/www.fhswe.se\/index.php\/wp-json\/wp\/v2\/pages"}],"about":[{"href":"https:\/\/www.fhswe.se\/index.php\/wp-json\/wp\/v2\/types\/page"}],"author":[{"embeddable":true,"href":"https:\/\/www.fhswe.se\/index.php\/wp-json\/wp\/v2\/users\/3"}],"replies":[{"embeddable":true,"href":"https:\/\/www.fhswe.se\/index.php\/wp-json\/wp\/v2\/comments?post=672"}],"version-history":[{"count":1,"href":"https:\/\/www.fhswe.se\/index.php\/wp-json\/wp\/v2\/pages\/672\/revisions"}],"predecessor-version":[{"id":673,"href":"https:\/\/www.fhswe.se\/index.php\/wp-json\/wp\/v2\/pages\/672\/revisions\/673"}],"wp:attachment":[{"href":"https:\/\/www.fhswe.se\/index.php\/wp-json\/wp\/v2\/media?parent=672"}],"curies":[{"name":"wp","href":"https:\/\/api.w.org\/{rel}","templated":true}]}}